+ 163, 0*g = 2*k - 2*g - 76. Calculate the remainder when 104 is divided by k.
34
Let w be 0 + (-12)/3*-1. Suppose 4*q - 4 = -5*l + 3*q, 5*l = -w*q + 16. Suppose -2*j + l*j + 48 = 0. What is the remainder when j is divided by 9?
6
Let t(v) = -v**3 - 13*v**2 + v + 17. Let c be t(-13). Calculate the remainder when (c - (-76)/(-8))/((-1)/16) is divided by 13.
10
Suppose 0 = -4*m - 3*i + 27, -5*m - 3*i = -1 - 35. Let g(j) = j**3 + 7*j**2 + 4*j - 8. Suppose 5*v + 6 = 4*v. Calculate the remainder when m is divided by g(v).
1
Let z(w) = -2*w - 31. Let b be z(-15). Let k = 30 - b. What is the remainder when k is divided by 11?
9
Suppose i + 8 = -u, 27 + 11 = -5*u - 4*i. Let n = 25 + u. Let s = 131 + -126. What is the remainder when n is divided by s?
4
Calculate the remainder when (-1 - (-5)/3)*10413/89 is divided by 20.
18
Let r(y) = y**2 - 10*y - 2. Let z = 320 + -211. What is the remainder when z is divided by r(12)?
21
Suppose 4*r = 5*g + 8*r - 47, 3*r = -4*g + 37. Calculate the remainder when 54 is divided by g.
5
Let v = -4 + -1. Let w(u) = u**3 + 5*u**2 - 3*u - 2. Suppose -3*g = -j - 70, -4*j = 2*g - g - 19. Calculate the remainder when g is divided by w(v).
10
Let g(b) = -b**2 - 51*b - 366. Let m(t) = -2*t + 2. Let s be m(4). Calculate the remainder when g(-42) is divided by (20/(-6))/(4/s).
2
Calculate the remainder when 2/1*(-11628)/(-136) is divided by 73.
25
Suppose -48 - 192 = -16*z. What is the remainder when z is divided by 13?
2
Let c(w) = 11*w + 256. What is the remainder when c(-15) is divided by 12?
7
Suppose 0 = 3*z + 5 + 1. Suppose -5*w = -237 + 22. Calculate the remainder when w is divided by z - 194/(-8) - (-7)/(-28).
21
Let v be 2 - 6 - (29 - -7). Let h = -23 - v. What is the remainder when 32 is divided by h?
15
Let s = -1085 - -1105. Calculate the remainder when 43 is divided by s.
3
Let o be 4/(-22) - 135/165. What is the remainder when (261/(-174))/((1/24)/o) is divided by 19?
17
Let y(n) = n**3 - 14*n**2 + 2. Let p be y(14). Suppose p*g + 4*a - 1 = 3*a, g + a = -2. What is the remainder when 10 is divided by g?
1
Let v = 62 - 12. Let z = v + -39. Calculate the remainder when 21 is divided by z.
10
Suppose 5*d + 45 = -l - 19, 4*d + 51 = -l. Let h = -122 - -86. Let p = d - h. What is the remainder when p is divided by 8?
7
Suppose 2 = -4*v + 5*v. Let g be 54/(-15)*60/(-9). Suppose 3*n + 5*o - 3 = 0, -5*n - o + g = o. Calculate the remainder when n is divided by v.
0
Let w be (-2 - -2)/(4 + -5). Let k be 117/27*(w - -3). Suppose 0 = -4*a - 1 + k. What is the remainder when 4 is divided by a?
1
Let l(p) = -43*p - 144. Calculate the remainder when l(-6) is divided by 61.
53
Let h(a) = -a**3 + 4*a**2 - 2*a + 3. Let q be h(4). What is the remainder when 13 is divided by (-22)/q + 2/(-5)?
1
Let d(y) = 2*y**2 + y - 2. Suppose 40*t + 115 = 45*t. What is the remainder when t is divided by d(2)?
7
Suppose 2*x = -0*x + 8, 3*t - 3*x + 717 = 0. Let r = -141 - t. Calculate the remainder when r is divided by 24.
22
Let n = -7 - -13. Suppose 0 = -8*x + 6*x + 120. Suppose -45 = -5*g + x. What is the remainder when g is divided by n?
3
Let d(k) = k**2 - 51*k + 392. What is the remainder when 1902 is divided by d(42)?
12
Suppose -5*i = 4*z - 9*z - 35, z = -4*i + 38. Let b = 252 + -191. Calculate the remainder when b is divided by i.
7
Let b = 77 + 38. Calculate the remainder when b is divided by 13.
11
Let i be 994/10 - (-36)/60. Suppose -4*x + 67 + 5 = -4*b, 5*x + 5*b = i. Suppose 0 = 4*r - 41 - x. What is the remainder when r is divided by 9?
6
Let z be ((-135)/(-18))/((-1)/2). Let s be 2*(-3)/(18/z). Suppose -4 = -q + s. What is the remainder when 33 is divided by q?
6
Let b = -27 - -24. Let m be (b/2)/((-6)/56). What is the remainder when 39 is divided by (-6)/m + 531/63?
7
Suppose -10*z = 3*z - 143. Suppose 2*c + 112 = -7*w + z*w, 22 = w + c. Calculate the remainder when w is divided by 17.
9
Suppose -2*j + 3*j = 5. Suppose -2*c + 2 = -4*d, -19 = -c - 3*c + j*d. Let x(t) = 3*t**3 - 6*t**2 - 2*t - 2. Calculate the remainder when x(3) is divided by c.
8
Suppose 0 = 2*d + 3 - 11. Calculate the remainder when 42 is divided by d.
2
Let b = -27 + 25. Let p = 13 + b. Suppose -c + p = -0*c + m, 4*c - 8 = 5*m. What is the remainder when c is divided by 4?
3
Suppose y - 6*y + 5*v = -35, 5*y - v = 47. What is the remainder when 919 is divided by y?
9
Suppose -225 = -5*m + 45. Suppose 12*j - m = -18. Let a(z) = z. What is the remainder when a(6) is divided by j?
0
Let k(v) = -2*v + 1. Let a be k(6). Let w = a - -31. What is the remainder when w is divided by (8/(-14)*3)/((-650)/70 + 9)?
2
Let g = 1122 + -739. What is the remainder when g is divided by 43?
39
Let q(y) = y**3 - 7*y**2 - 11*y - 18. What is the remainder when 179 is divided by q(9)?
44
Let a = 26 + 51. What is the remainder when a is divided by 26 - (3 - (-3 - -7))?
23
Suppose 11 = -3*k - 1. Let j(o) = -13*o - 13. What is the remainder when j(k) is divided by 16?
7
Let d(k) = -13*k - 64. Calculate the remainder when 81 is divided by d(-6).
11
Let b(z) = z**3 - 18*z**2 + 85*z - 28. What is the remainder when 95 is divided by b(9)?
7
Let v = -45 + 48. Suppose 4*l - 5*u - 17 = 0, 3*l - 7 = l + v*u. Calculate the remainder when l is divided by 5.
3
Suppose -11*v + 10*v = -10. Let k(w) = -48*w**3 - w**2. Let c be k(-1). Suppose -3*q + q = d - v, c = 4*d + q. Calculate the remainder when 45 is divided by d.
9
Suppose 0 = -3*m + 2*m - 21. Calculate the remainder when (-342)/m - 4/14 is divided by 9.
7
Let i be (-2)/(3*1/(-6)). Suppose 4*r = z + 89, i*r = 3*z - 44 + 127. Let y = -72 - -117. Calculate the remainder when y is divided by r.
22
Let j be (-2 - -11)*2/6. Suppose 0 = -3*t - 3*s + 93, -4*s + 40 + 53 = j*t. Let o = t - 18. What is the remainder when 23 is divided by o?
10
Suppose 2*r + 594 = 3*p, -4*p - 6*r = -8*r - 794. Calculate the remainder when p is divided by 29.
26
Suppose 3 = -4*j + 5*t, 368*t - 17 = -3*j + 369*t. What is the remainder when j is divided by (-2)/8 + (-21)/(-4)?
3
Let z = -18 - -37. Let j = -163 + 174. Calculate the remainder when z is divided by j.
8
Calculate the remainder when 3*-2 + (-1962)/(-18) is divided by 32.
7
Let g be (-2)/(-3) - 117/(-27). Suppose 4*a + a - 19 = 2*q, -5*q + g*a = 10. Let n = q + 7. Calculate the remainder when 28 is divided by n.
8
Suppose -q = -11*q + 490. Calculate the remainder when q is divided by 13.
10
Suppose 17*w = -2*m + 22*w + 391, 3*w = 2*m - 401. What is the remainder when m is divided by 56?
40
Suppose 29*i + 1362 = 31*i. What is the remainder when i is divided by 62?
61
Let w be 8/((-52)/20 + 3). Suppose -29 = -3*z + 2*z. Calculate the remainder when z is divided by 1*-6*w/(-12).
9
Suppose 31*m - 35*m = -84. Suppose -5*f + 3*d + 415 = 0, 3*f - d = 4*d + 265. Let j = 142 - f. Calculate the remainder when j is divided by m.
20
Suppose -4*w - 162 = -r, -12*w + 588 = 4*r - 13*w. Suppose 4*s - 151 = 3*m, s - 40 = 3*m - 0*m. What is the remainder when r is divided by s?
35
Let z(i) = -3*i + 125. What is the remainder when z(-52) is divided by 48?
41
Suppose -148 = 4*n - a - 421, 0 = 3*n + 4*a - 181. What is the remainder when 2074 is divided by n?
64
Let o = -400 - -611. Calculate the remainder when o is divided by 53.
52
Suppose -24*v = -19*v - 30. Suppose -v*g + 90 = -g + 5*s, 3*s = 2*g - 51. Calculate the remainder when g is divided by 12.
9
Let r be (-15)/2*(70/21 + -2). Calculate the remainder when ((-1)/(-2)*4)/(r/(-295)) is divided by 6.
5
Suppose -5*j + 25 = 0, 6*j - 12 = p + j. Suppose 6*v - 101 = v - u, -2*v = 5*u - 45. Calculate the remainder when v is divided by p.
7
Let o(n) = -2*n**3 - n - 1. Let y be o(-1). Suppose -3*x + y*g - 76 = 0, 5*x + 72 = 2*x + 3*g. Calculate the remainder when (-21)/x*(4 + 0) is divided by 1.
0
Let k = -88 + 107. Let j = 2 + -6. Calculate the remainder when k is divided by (10/8)/((-1)/j).
4
Let v = 91 - 54. Suppose -16*g = -22*g + 120. Calculate the remainder when v is divided by g.
17
Let o be -24*(2 - -7)/3. Let b = 156 + o. Suppose p + t = 28, -3*p - 5*t - 10 = -b. Calculate the remainder when p is divided by 9.
6
Suppose -182 = -5*j + 2*q + 156, 2*q = j - 66. Calculate the remainder when j is divided by 21.
5
Let f = -164 + 299. Suppose 10*z - 35 = f. Calculate the remainder whe